{"id":559,"date":"2014-10-05T15:24:37","date_gmt":"2014-10-05T13:24:37","guid":{"rendered":"http:\/\/web286.sr47.firestorm.ch\/spinnen\/?page_id=559"},"modified":"2015-03-29T18:53:27","modified_gmt":"2015-03-29T16:53:27","slug":"blog","status":"publish","type":"page","link":"https:\/\/theraphosidae.ch\/?page_id=559","title":{"rendered":"Blog"},"content":{"rendered":"<p>Die B\u00f6rse in Birmensdorf war sehr gut organisiert und kurzweilig. Kompliment an Basti Rast und seine fleissigen Helfer! Die meisten Besucher waren sehr interessiert und &#8211; auch wenn nicht jeder Interessent gleichzeitig ein K\u00e4ufer war &#8211; hat es uns viel Spass gemacht, ihnen die &#8222;Welt der Vogelspinnen&#8220; etwas n\u00e4her zu bringen. Auch unter den Ausstellern gibt es keine &#8222;Konkurrenzk\u00e4mpfe&#8220;, da sich jeder auf andere Arten und Gattungen spezialisiert hat.<br \/>\nWir w\u00fcnschen unseren K\u00e4ufern soviel Spass mit den Tierchen, wie wir hoffentlich mit unseren &#8222;Neuzug\u00e4ngen&#8220; haben.<\/p>\n<p>P.S.: Die Verpflegung war, obwohl etwas teuer;-)), sehr fein!<\/p>\n","protected":false},"excerpt":{"rendered":"<p>Die B\u00f6rse in Birmensdorf war sehr gut organisiert und kurzweilig. Kompliment an Basti Rast und seine fleissigen Helfer! Die meisten Besucher waren sehr interessiert und &#8211; auch wenn nicht jeder Interessent gleichzeitig ein K\u00e4ufer war &#8211; hat es uns viel Spass gemacht, ihnen die &#8222;Welt der Vogelspinnen&#8220; etwas n\u00e4her zu bringen. Auch unter den Ausstellern [&hellip;]<\/p>\n","protected":false},"author":1,"featured_media":1169,"parent":0,"menu_order":0,"comment_status":"open","ping_status":"open","template":"blog.php","meta":{"ngg_post_thumbnail":0,"footnotes":""},"class_list":["post-559","page","type-page","status-publish","has-post-thumbnail","hentry"],"_links":{"self":[{"href":"https:\/\/theraphosidae.ch\/index.php?rest_route=\/wp\/v2\/pages\/559","targetHints":{"allow":["GET"]}}],"collection":[{"href":"https:\/\/theraphosidae.ch\/index.php?rest_route=\/wp\/v2\/pages"}],"about":[{"href":"https:\/\/theraphosidae.ch\/index.php?rest_route=\/wp\/v2\/types\/page"}],"author":[{"embeddable":true,"href":"https:\/\/theraphosidae.ch\/index.php?rest_route=\/wp\/v2\/users\/1"}],"replies":[{"embeddable":true,"href":"https:\/\/theraphosidae.ch\/index.php?rest_route=%2Fwp%2Fv2%2Fcomments&post=559"}],"version-history":[{"count":5,"href":"https:\/\/theraphosidae.ch\/index.php?rest_route=\/wp\/v2\/pages\/559\/revisions"}],"predecessor-version":[{"id":587,"href":"https:\/\/theraphosidae.ch\/index.php?rest_route=\/wp\/v2\/pages\/559\/revisions\/587"}],"wp:featuredmedia":[{"embeddable":true,"href":"https:\/\/theraphosidae.ch\/index.php?rest_route=\/wp\/v2\/media\/1169"}],"wp:attachment":[{"href":"https:\/\/theraphosidae.ch\/index.php?rest_route=%2Fwp%2Fv2%2Fmedia&parent=559"}],"curies":[{"name":"wp","href":"https:\/\/api.w.org\/{rel}","templated":true}]}}